{"id":137,"date":"2022-04-21T22:10:53","date_gmt":"2022-04-21T20:10:53","guid":{"rendered":"https:\/\/studio-zlatniky.cz\/?page_id=137"},"modified":"2025-12-14T13:39:34","modified_gmt":"2025-12-14T12:39:34","slug":"kadernictvi-3","status":"publish","type":"page","link":"https:\/\/studio-zlatniky.cz\/index.php\/kadernictvi-3\/","title":{"rendered":"Kade\u0159nictv\u00ed"},"content":{"rendered":"\n<div class=\"wp-block-media-text alignwide is-stacked-on-mobile is-vertically-aligned-bottom\"><figure class=\"wp-block-media-text__media\"><img decoding=\"async\" loading=\"lazy\" width=\"905\" height=\"1024\" src=\"https:\/\/studio-zlatniky.cz\/wp-content\/uploads\/2022\/04\/Kadernictvi-905x1024.jpg\" alt=\"\" class=\"wp-image-9 size-full\" srcset=\"https:\/\/studio-zlatniky.cz\/wp-content\/uploads\/2022\/04\/Kadernictvi-905x1024.jpg 905w, https:\/\/studio-zlatniky.cz\/wp-content\/uploads\/2022\/04\/Kadernictvi-265x300.jpg 265w, https:\/\/studio-zlatniky.cz\/wp-content\/uploads\/2022\/04\/Kadernictvi-768x869.jpg 768w, https:\/\/studio-zlatniky.cz\/wp-content\/uploads\/2022\/04\/Kadernictvi-1357x1536.jpg 1357w, https:\/\/studio-zlatniky.cz\/wp-content\/uploads\/2022\/04\/Kadernictvi.jpg 1496w\" sizes=\"(max-width: 905px) 100vw, 905px\" \/><\/figure><div class=\"wp-block-media-text__content\">\n<p class=\"has-large-font-size\"><\/p>\n<\/div><\/div>\n\n\n\n<p><\/p>\n\n\n\n<p>Preferujeme osobn\u00ed p\u0159\u00edstup, proto se k n\u00e1m klienti r\u00e1di vrac\u00ed a voln\u00fdch kapacit nen\u00ed mnoho. Zam\u011b\u0159ujeme se na d\u00e1msk\u00e9 \u00fa\u010desy (mel\u00edr, barva, objemov\u00e1 trval\u00e1), p\u00e1nsk\u00e9 i d\u011btsk\u00e9 \u00fa\u010desy a dal\u0161\u00ed kade\u0159nick\u00e9 slu\u017eby.<\/p>\n\n\n\n<p><strong>Objedn\u00e1vky na 723\u00a0859\u00a0076<\/strong><br>Provozn\u00ed doba po-st  (pouze na objedn\u00e1n\u00ed)<\/p>\n\n\n\n<p><mark style=\"background-color:rgba(0, 0, 0, 0)\" class=\"has-inline-color has-vivid-cyan-blue-color\"><strong>V sou\u010dasn\u00e9 dob\u011b nep\u0159ij\u00edm\u00e1me nov\u00e9 klienty<\/strong>.<\/mark><\/p>\n\n\n\n<p>Nelze platit platebn\u00ed kartou, d\u011bkujeme za pochopen\u00ed.<\/p>\n\n\n\n<p><em>Upozorn\u011bn\u00ed: Rezervaci je nutn\u00e9 stornovat minim\u00e1ln\u011b 24 hodin p\u0159edem. V p\u0159\u00edpad\u011b, \u017ee se nestihnete z term\u00ednu omluvit a nedoraz\u00edte, budeme V\u00e1m \u00fa\u010dtovat poplatek ve v\u00fd\u0161i 50&nbsp;% z&nbsp;celkov\u00e9 ceny.<\/em><\/p>\n","protected":false},"excerpt":{"rendered":"<p>Preferujeme osobn\u00ed p\u0159\u00edstup, proto se k n\u00e1m klienti r\u00e1di vrac\u00ed a voln\u00fdch kapacit nen\u00ed mnoho. Zam\u011b\u0159ujeme se na d\u00e1msk\u00e9 [&hellip;]<\/p>\n","protected":false},"author":2,"featured_media":0,"parent":0,"menu_order":0,"comment_status":"closed","ping_status":"closed","template":"","meta":{"_mi_skip_tracking":false},"_links":{"self":[{"href":"https:\/\/studio-zlatniky.cz\/index.php\/wp-json\/wp\/v2\/pages\/137"}],"collection":[{"href":"https:\/\/studio-zlatniky.cz\/index.php\/wp-json\/wp\/v2\/pages"}],"about":[{"href":"https:\/\/studio-zlatniky.cz\/index.php\/wp-json\/wp\/v2\/types\/page"}],"author":[{"embeddable":true,"href":"https:\/\/studio-zlatniky.cz\/index.php\/wp-json\/wp\/v2\/users\/2"}],"replies":[{"embeddable":true,"href":"https:\/\/studio-zlatniky.cz\/index.php\/wp-json\/wp\/v2\/comments?post=137"}],"version-history":[{"count":12,"href":"https:\/\/studio-zlatniky.cz\/index.php\/wp-json\/wp\/v2\/pages\/137\/revisions"}],"predecessor-version":[{"id":447,"href":"https:\/\/studio-zlatniky.cz\/index.php\/wp-json\/wp\/v2\/pages\/137\/revisions\/447"}],"wp:attachment":[{"href":"https:\/\/studio-zlatniky.cz\/index.php\/wp-json\/wp\/v2\/media?parent=137"}],"curies":[{"name":"wp","href":"https:\/\/api.w.org\/{rel}","templated":true}]}}