{"id":193,"date":"2022-04-21T23:23:21","date_gmt":"2022-04-21T21:23:21","guid":{"rendered":"https:\/\/studio-zlatniky.cz\/?page_id=193"},"modified":"2025-12-14T14:23:24","modified_gmt":"2025-12-14T13:23:24","slug":"reference","status":"publish","type":"page","link":"https:\/\/studio-zlatniky.cz\/","title":{"rendered":"Kosmetika"},"content":{"rendered":"\n<p>Provozn\u00ed doba po &#8211; p\u00e1, dle dohody<br>Objedn\u00e1vky <strong>tel. 724 548 156<\/strong><\/p>\n\n\n\n<p><\/p>\n\n\n\n<p>V salonu pracuji s \u010deskou 100% p\u0159\u00edrodn\u00ed, ru\u010dn\u011b vyr\u00e1b\u011bnou, aromaterapeutickou kosmetikou.<\/p>\n\n\n\n<p>T\u011b\u0161\u00edm se na V\u00e1s!<\/p>\n","protected":false},"excerpt":{"rendered":"<p>Provozn\u00ed doba po &#8211; p\u00e1, dle dohodyObjedn\u00e1vky tel. 724 548 156 V salonu pracuji s \u010deskou 100% p\u0159\u00edrodn\u00ed, ru\u010dn\u011b [&hellip;]<\/p>\n","protected":false},"author":2,"featured_media":0,"parent":0,"menu_order":0,"comment_status":"closed","ping_status":"closed","template":"","meta":{"_mi_skip_tracking":false},"_links":{"self":[{"href":"https:\/\/studio-zlatniky.cz\/index.php\/wp-json\/wp\/v2\/pages\/193"}],"collection":[{"href":"https:\/\/studio-zlatniky.cz\/index.php\/wp-json\/wp\/v2\/pages"}],"about":[{"href":"https:\/\/studio-zlatniky.cz\/index.php\/wp-json\/wp\/v2\/types\/page"}],"author":[{"embeddable":true,"href":"https:\/\/studio-zlatniky.cz\/index.php\/wp-json\/wp\/v2\/users\/2"}],"replies":[{"embeddable":true,"href":"https:\/\/studio-zlatniky.cz\/index.php\/wp-json\/wp\/v2\/comments?post=193"}],"version-history":[{"count":6,"href":"https:\/\/studio-zlatniky.cz\/index.php\/wp-json\/wp\/v2\/pages\/193\/revisions"}],"predecessor-version":[{"id":455,"href":"https:\/\/studio-zlatniky.cz\/index.php\/wp-json\/wp\/v2\/pages\/193\/revisions\/455"}],"wp:attachment":[{"href":"https:\/\/studio-zlatniky.cz\/index.php\/wp-json\/wp\/v2\/media?parent=193"}],"curies":[{"name":"wp","href":"https:\/\/api.w.org\/{rel}","templated":true}]}}